{"id":270,"date":"2014-09-05T11:49:31","date_gmt":"2014-09-05T09:49:31","guid":{"rendered":"http:\/\/localhost\/wordpress1\/?page_id=270"},"modified":"2016-05-09T12:02:27","modified_gmt":"2016-05-09T10:02:27","slug":"vodic-kroz-fondove-i-zbirke","status":"publish","type":"page","link":"http:\/\/www.arhivsa.ba\/wordpress\/?page_id=270","title":{"rendered":"Vodi\u010d kroz fondove i zbirke"},"content":{"rendered":"<p>Svrha &#8220;Vodi\u010da kroz fondove i zbirke Historijskog arhiva Sarajevo&#8221; nije da detaljno informi\u0161e istra\u017eiva\u010da o svim podacima sadr\u017eanim u arhivskoj gra\u0111i, to je uostalom i nemogu\u0107e, nego prvenstveno da uputi na istra\u017eivanja u Historijskom arhivu Sarajevo, gdje \u0107e, vjerujemo, na\u0107i podatke za oblast koja ga interesuje.<\/p>\n<p>Skoro sva preuzeta arhivska i registraturna gra\u0111a obuhva\u0107ena je ovim Vodi\u010dem. Fondovi i zbirke sistematizovani su po grupama na ovaj na\u010din:<\/p>\n<ul>\n<li><a title=\"1. Zbirke i fondovi na orijentalnim jezicima*\" href=\"http:\/\/www.arhivsa.ba\/wordpress\/?page_id=814\">Zbirke i fondovi na orijentalnim jezicima<\/a>;<\/li>\n<li><a title=\"2. Uprava\" href=\"http:\/\/www.arhivsa.ba\/wordpress\/?page_id=1008\">Uprava<\/a>;<\/li>\n<li><a title=\"3. Sudstvo\" href=\"http:\/\/www.arhivsa.ba\/wordpress\/?page_id=1020\">Sudstvo<\/a>;<\/li>\n<li><a title=\"4. Prosvjeta, nauka i kultura\" href=\"http:\/\/www.arhivsa.ba\/wordpress\/?page_id=1027\">Prosvjeta, nauka i kultura<\/a>;<\/li>\n<li><a title=\"5. Zdravstvo i socijalna politika\" href=\"http:\/\/www.arhivsa.ba\/wordpress\/?page_id=1047\">Zdravstvo i socijalna politika<\/a>;<\/li>\n<li><a title=\"6. Privreda\" href=\"http:\/\/www.arhivsa.ba\/wordpress\/?page_id=998\">Privreda<\/a>;<\/li>\n<li><a title=\"7. Dru\u0161tveno-politi\u010dke organizacije\" href=\"http:\/\/www.arhivsa.ba\/wordpress\/?page_id=986\">Dru\u0161tveno-politi\u010dke organizacije<\/a>;<\/li>\n<li><a title=\"8. Porodi\u010dni i li\u010dni fondovi\" href=\"http:\/\/www.arhivsa.ba\/wordpress\/?page_id=1059\">Porodi\u010dni i li\u010dni fondovi<\/a>;<\/li>\n<li><a title=\"9. Zbirke\" href=\"http:\/\/www.arhivsa.ba\/wordpress\/?page_id=1068\">Zbirke<\/a>;<\/li>\n<\/ul>\n<p>U okviru grupa su napravljene i odre\u0111ene podgrupe po oblastima djelatnosti ili nekim drugim specifi\u010dnim karakteristikama. U okviru grupe ili podgrupe fondovi i zbirke su obilje\u017eavani rednim brojevima. Ukoliko je to bilo mogu\u0107e nastojalo se hronolo\u0161ki urediti redosljed fondova i zbirki, a u nekim slu\u010dajevima kao \u0161to su grupe 6. Privreda i 8. Porodi\u010dni i li\u010dni fondovi, ura\u0111en je abecedni raspored.<\/p>\n<p>Kao posebna grupu pod 1. su izdvojene zbirke i fondovi na orijentalnim jezicima \u0161to ustvari predstavlja arhivsko-rukopisnu \u0161tampanu gra\u0111u nastalu u vrijeme osmanske uprave u Bosni i Hercegovini mada vrijeme njenog nastanka u nekim slu\u010dajevima se\u017ee i do 50-tih godina 20. stolje\u0107a.<\/p>\n<p>U okviru grupa, elementi opisa i odrednice za fondove i zbirke dati su na ovaj na\u010din:<\/p>\n<ul>\n<li>naziv fonda ili zbirke;<\/li>\n<li>signatura;<\/li>\n<li>historijska bilje\u0161ka;<\/li>\n<li>vrijeme preuzimanja u Arhiv;<\/li>\n<li>karakteristike gra\u0111e:\n<ul>\n<li>stepen sa\u010duvanosti gra\u0111e;<\/li>\n<li>vremenski raspon;<\/li>\n<li>koli\u010dina;<\/li>\n<li>metara du\u017einskih;<\/li>\n<li>stepen sre\u0111enosti;<\/li>\n<li>pristupa\u010dnost;<\/li>\n<li>jezik i vrsta pisma;<\/li>\n<li>informativna pomagala.<\/li>\n<\/ul>\n<\/li>\n<\/ul>\n<p>Odstupanja od opisanog redosljeda bilje\u017eenja podataka imamo u nekoliko slu\u010dajeva kod pojedinih specifi\u010dnih zbirki ili fondova sa slo\u017eenom strukturom a radi ukazivanja na posebne karakteristike gra\u0111e.<\/p>\n<ul>\n<li><a title=\"1. Zbirke i fondovi na orijentalnim jezicima*\" href=\"http:\/\/www.arhivsa.ba\/wordpress\/?page_id=814\">1. ZBIRKE I FONDOVI NA ORIJENTALNIM JEZICIMA<\/a>\n<ul>\n<li>1.1. ZBIRKE<\/li>\n<li>1.2. FONDOVI<\/li>\n<li>1.3. PORODI\u010cNI FONDOVI<\/li>\n<\/ul>\n<\/li>\n<li><a title=\"2. Uprava\" href=\"http:\/\/www.arhivsa.ba\/wordpress\/?page_id=1008\">2. UPRAVA<\/a>\n<ul>\n<li>2.1. VLADIN POVJERENIK ZA ZEMALJSKI GLAVNI GRAD SARAJEVO (REGIERUNGSCOMMISS\u00c4R F\u00dcR DIE LANDESHAUPTSTADT SARAJEVO)<\/li>\n<li>2.2. GRADSKO POGLAVARSTVO &#8211; SARAJEVO<\/li>\n<li>2.3. STATISTI\u010cKI ODSJEK ZEMALJSKE VLADE ZA BIH &#8211; POPIS \u017dITELJSTVA U BOSNI I HERCEGOVINI (SARAJEVO)<\/li>\n<li>2.4. STAMBENI URED SARAJEVO<\/li>\n<li>2.5. DR\u017dAVNO RAVNATELJSTVO ZA GOSPODARSTVENU PONOVU &#8211; PODRU\u017dNICA SARAJEVO<\/li>\n<li>2.6. RIZNI\u010cKO UPRAVITELJSTVO U SARAJEVU &#8211; URED ZA UPRAVU \u017dIDOVSKIH NEKRETNINA<\/li>\n<li>2.7. RIZNI\u010cKO UPRAVITELJSTVO U SARAJEVU &#8211; URED ZA PODR\u017dAVLJENI IMETAK<\/li>\n<li>2.8. KOTARSKO NADZORNI\u0160TVO NARODNE ZA\u0160TITE SARAJEVO<\/li>\n<li>2.9. NARODNI ODBOR GRADA SARAJEVA<\/li>\n<li>2.10. NARODNI ODBORI REONA U SARAJEVU<\/li>\n<li>2.11. NARODNI ODBOR SREZA SARAJEVO<\/li>\n<li>2.12. ZAPISNICI SA SJEDNICA SNO, GNO, NO REONA I OP\u0160TINA<\/li>\n<li>2.13. GRADSKA UPRAVA NARODNIH DOBARA SARAJEVO<\/li>\n<li>2.14. UPRAVA DR\u017dAVNIH NEKRETNINA SARAJEVO<\/li>\n<li>2.15. GRADSKA UPRAVA DR\u017dAVNIH NEKRETNINA<\/li>\n<li>2.16. PREDUZE\u0106E ZA UPRAVU DR\u017dAVNIH NEKRETNINA NO I REONA SARAJEVO<\/li>\n<li>2.17. PREDUZE\u0106E ZA UPRAVU DR\u017dAVNIH NEKRETNINA NO II REONA SARAJEVO<\/li>\n<li>2.18. PREDUZE\u0106E ZA UPRAVU DR\u017dAVNIH NEKRETNINA NO III REONA SARAJEVO<\/li>\n<li>2.19. PREDUZE\u0106E ZA UPRAVU DR\u017dAVNIH NEKRETNINA NO IV REONA SARAJEVO<\/li>\n<li>2.20. UPRAVA ZA POSLOVNE ZGRADE OP\u0160TINE CENTAR SARAJEVO<\/li>\n<li>2.21. SKUP\u0160TINA OP\u0160TINE NOVO SARAJEVO<\/li>\n<li>2.22. SKUP\u0160TINA OP\u0160TINE CENTAR SARAJEVO<\/li>\n<li>2.23. SKUP\u0160TINA OP\u0160TINE SOKOLAC<\/li>\n<\/ul>\n<\/li>\n<li><a title=\"3. Sudstvo\" href=\"http:\/\/www.arhivsa.ba\/wordpress\/?page_id=1020\">3. SUDSTVO<\/a>\n<ul>\n<li>3.1. KOTARSKI \u0160ERIJATSKI SUD SARAJEVO<\/li>\n<li>3.2. SRESKI \u0160ERIJATSKI SUD VISOKO<\/li>\n<li>3.3. VOJNA KOMANDA SARAJEVO (K.U.K. MILIT\u00c4RKOMMANDO)<\/li>\n<li>3.4. KOMANDA TVR\u0110AVE SARAJEVO (FESTUNGSKOMMANDO)<\/li>\n<li>3.5. SUDSKI OFICIR ZAMJENIKA VOJNOG KOMANDANTA (GERICHTSOFFIZIER DES STELLVERTRETERS MILIT\u00c4RKOMMANDANTEN)<\/li>\n<li>3.6. DIVIZIJSKI SUD SARAJEVO (DIVISIONGERICHT IN SARAJEVO)<\/li>\n<li>3.7. GARNIZONSKI SUD SARAJEVO (K.U.K. GARNISONSGERICHT IN SARAJEVO)<\/li>\n<li>3.8. SUD KOMANDANTA \u017dANDARMERIJSKOG KORPUSA ZA BIH (GERICHT DES GENDARMERIEKORPSKOMMANDANTEN F\u00dcR BIH)<\/li>\n<li>3.9. VOJNA KOMANDA MOSTAR (K.U.K. MILIT\u00c4RKOMMANDO IN MOSTAR)<\/li>\n<li>3.10. VOJNA KOMANDA TUZLA (K.U.K. MILIT\u00c4RKOMMANDO IN TUZLA)<\/li>\n<li>3.11. VOJNA KOMANDA BANJA LUKA (K.U.K. MILIT\u00c4RKOMMANDO IN BANJA LUKA<\/li>\n<li>3.12. GARNIZONSKI SUD BANJA LUKA (K.U.K. GARNISONSGERICHT IN BANJA LUKA)<\/li>\n<li>3.13. GARNIZONSKI SUD RAGUSA (K.U.K. GARNISONGERICHT IN RAGUSA)<\/li>\n<li>3.14. DIVIZIJSKI SUD U BE\u010cU (K.U.K. DIVISIONSGERICHT IN WIEN)<\/li>\n<li>3.15. RATNI SUD III ZBORNOG PODRU\u010cJA SARAJEVO<\/li>\n<li>3.16. OKRU\u017dNI SUD SARAJEVO<\/li>\n<li>3.17. KOTARSKI URED (KAO KOTARSKI SUD) SARAJEVO<\/li>\n<li>3.18. KOTARSKI\/SRESKI SUD SARAJEVO<\/li>\n<li>3.19. ZEMLJI\u0160NO KNJI\u017dNI URED (KOTARSKOG\/SRESKOG\/ OP\u0160TINSKOG SUDA)<\/li>\n<li>3.20. ZEMLJI\u0160NO POSJEDOVNI LISTOVI KATASTARSKIH OP\u0160TINA (HAD\u017dI\u0106I I DR.)<\/li>\n<li>3.21. OP\u0160TINSKI SUD II SARAJEVO<\/li>\n<li>3.22. OP\u0160TINSKI DRU\u0160TVENI PRAVOBRANILAC SAMOUPRAVLJANJA NOVO SARAJEVO<\/li>\n<li>3.23. OP\u0160TINSKI DRU\u0160TVENI PRAVOBRANILAC SAMOUPRAVLJANJA CENTAR SARAJEVO<\/li>\n<\/ul>\n<\/li>\n<li><a title=\"4. Prosvjeta, nauka i kultura\" href=\"http:\/\/www.arhivsa.ba\/wordpress\/?page_id=1027\">4. PROSVJETA, NAUKA I KULTURA<\/a>\n<ul>\n<li>4.1. PROSVJETA\n<ul>\n<li>4.1.1. OSNOVNE \u0160KOLE<\/li>\n<li>4.1.2. GRA\u0110ANSKE \u0160KOLE I VI\u0160E DJEVOJA\u010cKE \u0160KOLE<\/li>\n<li>4.1.3. SREDNJE \u0160KOLE<\/li>\n<li>4.1.4. ZANATSKE, TRGOVINSKE I INDUSTRIJSKE \u0160KOLE<\/li>\n<li>4.1.5. NARODNI I RADNI\u010cKI UNIVERITETI I KURSEVI<\/li>\n<\/ul>\n<\/li>\n<li>4.2. KULTURA\n<ul>\n<li>4.2.1. KULTURNO PROSVJETNA I HUMANITARNA DRU\u0160TVA<\/li>\n<li>4.2.2. SPORTSKA DRU\u0160TVA I UDRU\u017dENJA<\/li>\n<li>4.2.3. REDAKCIJE \u010cASOPISA I LISTOVA<\/li>\n<li>4.2.4. KINA<\/li>\n<li>4.2.5. OSTALO<\/li>\n<\/ul>\n<\/li>\n<\/ul>\n<\/li>\n<li><a title=\"5. Zdravstvo i socijalna politika\" href=\"http:\/\/www.arhivsa.ba\/wordpress\/?page_id=1047\">5. ZDRAVSTVO I SOCIJALNA POLITIKA<\/a>\n<ul>\n<li>5.1. OP\u0160TA BOLNICA &#8220;DOBRINJA&#8221;- SARAJEVO<\/li>\n<li>5.2. KJU &#8220;DOM ZA SOCIJALNO I ZDRAVSTVENO ZBRINJAVANJE OSOBA SA INVALIDITETOM I DRUGIH OSOBA&#8221;- SARAJEVO<\/li>\n<li>5.3. ZAVOD ZA SLIJEPU DJECU &#8211; SARAJEVO<\/li>\n<li>5.4. &#8220;OSLOBO\u0110ENJE&#8221; APOTEKA III. REONA &#8211; SARAJEVO<\/li>\n<li>5.5. SIZ ZDRAVSTVENOG OSIGURANJA &#8211; SARAJEVO<\/li>\n<li>5.6. ENERGOINVEST &#8211; ZAVOD ZA ZDRAVSTVENU ZA\u0160TITU RADNIKA<\/li>\n<li>5.7. GRADSKI CENTAR ZA SOCIJALNU ZA\u0160TITU I IZBJEGLICE &#8211; SARAJEVO<\/li>\n<li>5.8. VETERINARSKA STANICA &#8211; TRNOVO<\/li>\n<li>5.9. SIZ SOCIJALNE I DJE\u010cIJE ZA\u0160TITE &#8211; FOJNICA<\/li>\n<li>5.10. \u0110A\u010cKA KUHINJA NO I REONA &#8211; SARAJEVO<\/li>\n<li>5.11. GRADSKO PREDUZE\u0106E DRU\u0160TVENE ISHRANE &#8211; SARAJEVO<\/li>\n<\/ul>\n<\/li>\n<li><a title=\"6. Privreda\" href=\"http:\/\/www.arhivsa.ba\/wordpress\/?page_id=998\">6. PRIVREDA<\/a>\n<ul>\n<li>6.1. BANKE I NOV\u010cANI ZAVODI<\/li>\n<li>6.2. KOMORE, POSLOVNA UDRU\u017dENJA I DIREKCIJE<\/li>\n<li>6.3. PRIVREDA I INDUSTRIJA<\/li>\n<\/ul>\n<\/li>\n<li><a title=\"7. Dru\u0161tveno-politi\u010dke organizacije\" href=\"http:\/\/www.arhivsa.ba\/wordpress\/?page_id=986\">7. DRU\u0160TVENO-POLITI\u010cKE ORGANIZACIJE<\/a>\n<ul>\n<li>7. 1. SAVEZ KOMUNISTA<\/li>\n<li>7.2. SOCIJALISTI\u010cKI SAVEZ RADNOG NARODA JUGOSLAVIJE (SSRNJ)<\/li>\n<li>7.3. SAVEZ SINDIKATA<\/li>\n<li>7.4. ANTIFA\u0160ISTI\u010cKI FRONT \u017dENA (AF\u017d)<\/li>\n<li>7.5. SAVEZ OMLADINE BOSNE I HERCEGOVINE<\/li>\n<li>7.6. SAVEZ UDRU\u017dENJA BORACA NARODNOOSLOBODILA\u010cKOG RATA (SUBNOR)<\/li>\n<\/ul>\n<\/li>\n<li><a title=\"8. Porodi\u010dni i li\u010dni fondovi\" href=\"http:\/\/www.arhivsa.ba\/wordpress\/?page_id=1059\">8. PORODI\u010cNI I LI\u010cNI FONDOVI<\/a>\n<ul>\n<li>8.1. ALIBEGOVI\u0106I &#8211; DERVENTA<\/li>\n<li>8.2. ANDRI\u0106 dr VLADO &#8211; SARAJEVO<\/li>\n<li>8.3. ARNAUTOVI\u0106 \u0160ERIF &#8211; MOSTAR<\/li>\n<li>8.4. BAJAC LJUBOMIR &#8211; SARAJEVO<\/li>\n<li>8.5. BA\u0160AGI\u0106 dr SAFVET-BEG &#8211; SARAJEVO<\/li>\n<li>8.6. BELOVI\u0106-BERNAD\u017dIKOVSKI JELICA &#8211; SARAJEVO<\/li>\n<li>8.7. BESAROVI\u0106 dr VOJISLAV &#8211; SARAJEVO<\/li>\n<li>8.8. BU\u0160ATLI\u0106 AJNI-ABDULAH &#8211; SARAJEVO<\/li>\n<li>8.9. \u0106UR\u010cI\u0106I &#8211; SARAJEVO<\/li>\n<li>8.10. DESPI\u0106I &#8211; SARAJEVO<\/li>\n<li>8.11. DVORNIKOVI\u0106 LJUDEVIT &#8211; SARAJEVO<\/li>\n<li>8.12. \u0110UR\u0110EVI\u0106 ISIDOR &#8211; SARAJEVO<\/li>\n<li>8.13. FAR\u010cI\u0106I &#8211; KOR\u010cULA<\/li>\n<li>8.14. HAD\u017dIRISTI\u0106I &#8211; SARAJEVO<\/li>\n<li>8.15. HOL FERDINAND &#8211; SARAJEVO<\/li>\n<li>8.16. ILE\u0160I\u0106 FRAN &#8211; LJUBLJANA<\/li>\n<li>8.17. IRBI ADELINA PAVLIJA &#8211; SARAJEVO<\/li>\n<li>8.18. JEFTANOVI\u0106I &#8211; SARAJEVO<\/li>\n<li>8.19. JEVTI\u0106 BORIVOJE &#8211; SARAJEVO<\/li>\n<li>8.20. KRE\u0160EVLJAKOVI\u0106 HAMDIJA &#8211; SARAJEVO<\/li>\n<li>8.21. KULENOVI\u0106 HAKIJA &#8211; SARAJEVO<\/li>\n<li>8.22. MA\u0106EJOVSKI FRANJO &#8211; SARAJEVO<\/li>\n<li>8.23. MALDINI WILDENHAINSKI RUDOLF &#8211; SARAJEVO<\/li>\n<li>8.24. MILADINOVI\u0106 MILO\u0160 &#8211; SARAJEVO<\/li>\n<li>8.25. MILAKOVI\u0106 JOSIP &#8211; SARAJEVO<\/li>\n<li>8.26. MILI\u0106EVI\u0106 IVAN &#8211; SARAJEVO<\/li>\n<li>8.27. MIRI\u0106 TIHOMIR SARAJEVO<\/li>\n<li>8.28. MULALI\u0106 MUSTAFA &#8211; SARAJEVO<\/li>\n<li>8.29. MUSI\u0106I &#8211; ZLOVI\u0106I &#8211; VARE\u0160<\/li>\n<li>8.30. OLBINA DANE &#8211; SARAJEVO<\/li>\n<li>8.31. OL\u0160EVSKI IGNAC &#8211; SARAJEVO<\/li>\n<li>8.32. OSTOJI\u0106 JELKA &#8211; SARAJEVO<\/li>\n<li>8.33. PAPO LAURA BOHORETA &#8211; SARAJEVO<\/li>\n<li>8.34. PETROVI\u0106 RANKO &#8211; SARAJEVO<\/li>\n<li>8.35. PI\u0160TELJI\u0106 JOVAN &#8211; SARAJEVO<\/li>\n<li>8.36. POPOVI\u0106 IVAN VASIN &#8211; SARAJEVO<\/li>\n<li>8.37. PRODAN don IVO &#8211; ZADAR<\/li>\n<li>8.38. PROTI\u0106 JOVAN &#8211; MOSTAR &#8211; SARAJEVO<\/li>\n<li>8.39. RADULOVI\u0106I &#8211; SARAJEVO<\/li>\n<li>8.40. RA\u0160I\u0106 NIKOLA &#8211; SARAJEVO<\/li>\n<li>8.41. SARAJLI\u0106 \u0160EMSUDIN &#8211; SARAJEVO<\/li>\n<li>8.42. SPAHO FEHIM &#8211; SARAJEVO<\/li>\n<li>8.43. STEFANOVI\u0106I &#8211; SARAJEVO<\/li>\n<li>8.44. \u0160AHINOVI\u0106 MUNIR EKREMOV &#8211; SARAJEVO<\/li>\n<li>8.45. \u0160NAJDER dr MARCEL I dr \u0160NAJDER-POPOVI\u0106 VERA &#8211; SARAJEVO<\/li>\n<li>8.46. TASOVAC JOVAN &#8211; SARAJEVO<\/li>\n<li>8.47. TODOROVI\u0106I &#8211; SARAJEVO<\/li>\n<li>8.48. TRAVANJ KOSTA &#8211; SARAJEVO<\/li>\n<li>8.49. VELC FERDINAND &#8211; SARAJEVO<\/li>\n<li>8.50. \u017dIGA MAHMUT &#8211; SARAJEVO<\/li>\n<\/ul>\n<\/li>\n<li><a title=\"9. Zbirke\" href=\"http:\/\/www.arhivsa.ba\/wordpress\/?page_id=1068\">9. ZBIRKE<\/a>\n<ul>\n<li>9.1. PLAKATI<\/li>\n<li>9.2. FOTOGRAFIJE<\/li>\n<li>9.3. KARTE I PLANOVI<\/li>\n<li>9.4. VARIA<\/li>\n<li>9.5. REPRODUKCIJE I CRTE\u017dI<\/li>\n<li>9.6. PO\u0160TANSKI \u017dIGOVI I MARKE<\/li>\n<li>9.7. KLI\u0160EI<\/li>\n<\/ul>\n<\/li>\n<\/ul>\n","protected":false},"excerpt":{"rendered":"<p>Svrha &#8220;Vodi\u010da kroz fondove i zbirke Historijskog arhiva Sarajevo&#8221; nije da detaljno informi\u0161e istra\u017eiva\u010da o svim podacima sadr\u017eanim u arhivskoj gra\u0111i, to je uostalom i nemogu\u0107e, nego prvenstveno da uputi na istra\u017eivanja u Historijskom arhivu Sarajevo, gdje \u0107e, vjerujemo, na\u0107i podatke za oblast koja ga interesuje. Skoro sva preuzeta arhivska i registraturna gra\u0111a obuhva\u0107ena je ovim Vodi\u010dem. Fondovi i zbirke sistematizovani su po grupama na ovaj na\u010din: Zbirke i fondovi na orijentalnim&#8230; <a class=\"continue-reading-link\" href=\"http:\/\/www.arhivsa.ba\/wordpress\/?page_id=270\">Vi\u0161e<\/a><\/p>\n","protected":false},"author":1,"featured_media":517,"parent":85,"menu_order":0,"comment_status":"closed","ping_status":"closed","template":"","meta":{"_uf_show_specific_survey":0,"_uf_disable_surveys":false,"ngg_post_thumbnail":0,"footnotes":""},"class_list":["post-270","page","type-page","status-publish","has-post-thumbnail","hentry"],"_links":{"self":[{"href":"http:\/\/www.arhivsa.ba\/wordpress\/index.php?rest_route=\/wp\/v2\/pages\/270","targetHints":{"allow":["GET"]}}],"collection":[{"href":"http:\/\/www.arhivsa.ba\/wordpress\/index.php?rest_route=\/wp\/v2\/pages"}],"about":[{"href":"http:\/\/www.arhivsa.ba\/wordpress\/index.php?rest_route=\/wp\/v2\/types\/page"}],"author":[{"embeddable":true,"href":"http:\/\/www.arhivsa.ba\/wordpress\/index.php?rest_route=\/wp\/v2\/users\/1"}],"replies":[{"embeddable":true,"href":"http:\/\/www.arhivsa.ba\/wordpress\/index.php?rest_route=%2Fwp%2Fv2%2Fcomments&post=270"}],"version-history":[{"count":23,"href":"http:\/\/www.arhivsa.ba\/wordpress\/index.php?rest_route=\/wp\/v2\/pages\/270\/revisions"}],"predecessor-version":[{"id":2082,"href":"http:\/\/www.arhivsa.ba\/wordpress\/index.php?rest_route=\/wp\/v2\/pages\/270\/revisions\/2082"}],"up":[{"embeddable":true,"href":"http:\/\/www.arhivsa.ba\/wordpress\/index.php?rest_route=\/wp\/v2\/pages\/85"}],"wp:featuredmedia":[{"embeddable":true,"href":"http:\/\/www.arhivsa.ba\/wordpress\/index.php?rest_route=\/wp\/v2\/media\/517"}],"wp:attachment":[{"href":"http:\/\/www.arhivsa.ba\/wordpress\/index.php?rest_route=%2Fwp%2Fv2%2Fmedia&parent=270"}],"curies":[{"name":"wp","href":"https:\/\/api.w.org\/{rel}","templated":true}]}}